{"id":9698,"date":"2022-02-24T09:52:42","date_gmt":"2022-02-24T09:52:42","guid":{"rendered":"http:\/\/kayragumruk.com\/demo\/?page_id=9698"},"modified":"2022-02-24T09:52:42","modified_gmt":"2022-02-24T09:52:42","slug":"danismanlik","status":"publish","type":"page","link":"https:\/\/www.kayragumruk.com\/demo\/danismanlik\/","title":{"rendered":"Dan\u0131\u015fmanl\u0131k"},"content":{"rendered":"<p>[vc_row][vc_column css=&#8221;.vc_custom_1615559088876{padding-top: 0px !important;}&#8221; mobile_bg_img_hidden=&#8221;no&#8221; tablet_bg_img_hidden=&#8221;no&#8221; woodmart_parallax=&#8221;0&#8243; woodmart_sticky_column=&#8221;false&#8221; parallax_scroll=&#8221;no&#8221; mobile_reset_margin=&#8221;no&#8221; tablet_reset_margin=&#8221;no&#8221;]\t\t\t<link rel=\"stylesheet\" id=\"wd-responsive-text-css\" href=\"https:\/\/www.kayragumruk.com\/demo\/wp-content\/themes\/woodmart\/css\/parts\/el-responsive-text.min.css?ver=6.1.4\" type=\"text\/css\" media=\"all\" \/> \t\t\t\t\t\t<div id=\"wd-62175565872f2\" class=\"wd-text-block-wrapper wd-wpb color-scheme- wd-width-100 text-left \">\n\t\t\t\t<div class=\"woodmart-title-container woodmart-text-block reset-last-child font-primary wd-font-weight- wd-fontsize-m\">\n\t\t\t\t\tG.T.I.P. (G\u00fcmr\u00fck Tarifesi) Belirlenmesi<\/p>\n<p>\u00dcr\u00fcn vergilendirme hesaplanmas\u0131 ve maliyet<\/p>\n<p>Eksik evrak tespiti ve temin edilmesi<\/p>\n<p>G\u00fcmr\u00fckl\u00fc ve G\u00fcmr\u00fcks\u00fcz Depo<\/p>\n<p>G\u00fcmr\u00fck mevzuat ile ilgili Hukuk Dan\u0131\u015fmanl\u0131\u011f\u0131<\/p>\n<p>Sanayi Bakanl\u0131\u011f\u0131 TSE ve CE Uygunluk Belgelendirme<\/p>\n<p>D\u0131\u015f Tic. M\u00fcste\u015farl\u0131\u011f\u0131 \u2013DTS- Uygunluk Belgelendirme<\/p>\n<p>Bankac\u0131l\u0131k \u0130\u015flemleri<\/p>\n<p>Sigorta \u0130\u015flemleri<\/p>\n<p>Pil, Batarya ve Ak\u00fc \u0130thalat\u0131<\/p>\n<p>Oyuncak \u0130thalatlar\u0131 ve Denetimi Hakk\u0131nda<\/p>\n<p>\u0130thalat \u0130\u015flemleri \u0130\u00e7in Yard\u0131m<\/p>\n<p>Bujiteri ve saat deneyi \u0130\u015flemleri \u0130\u00e7in Yard\u0131m<\/p>\n<p>Zati e\u015fya ve muafiyet i\u015flemleri<\/p>\n<p>Tareks-Risk Esasl\u0131 Kontrol Sistemi\t\t\t\t<\/div>\n\t\t\t\t\t\t\t<\/div>\n\t\t[\/vc_column][\/vc_row]<\/p>\n","protected":false},"excerpt":{"rendered":"<p>[vc_row][vc_column css=&#8221;.vc_custom_1615559088876{padding-top: 0px !important;}&#8221; mobile_bg_img_hidden=&#8221;no&#8221; tablet_bg_img_hidden=&#8221;no&#8221; woodmart_parallax=&#8221;0&#8243; woodmart_sticky_column=&#8221;false&#8221; parallax_scroll=&#8221;no&#8221; mobile_reset_margin=&#8221;no&#8221; tablet_reset_margin=&#8221;no&#8221;][\/vc_column][\/vc_row]<\/p>\n","protected":false},"author":1,"featured_media":0,"parent":0,"menu_order":0,"comment_status":"closed","ping_status":"closed","template":"","meta":{"footnotes":""},"class_list":["post-9698","page","type-page","status-publish","hentry"],"_links":{"self":[{"href":"https:\/\/www.kayragumruk.com\/demo\/wp-json\/wp\/v2\/pages\/9698","targetHints":{"allow":["GET"]}}],"collection":[{"href":"https:\/\/www.kayragumruk.com\/demo\/wp-json\/wp\/v2\/pages"}],"about":[{"href":"https:\/\/www.kayragumruk.com\/demo\/wp-json\/wp\/v2\/types\/page"}],"author":[{"embeddable":true,"href":"https:\/\/www.kayragumruk.com\/demo\/wp-json\/wp\/v2\/users\/1"}],"replies":[{"embeddable":true,"href":"https:\/\/www.kayragumruk.com\/demo\/wp-json\/wp\/v2\/comments?post=9698"}],"version-history":[{"count":1,"href":"https:\/\/www.kayragumruk.com\/demo\/wp-json\/wp\/v2\/pages\/9698\/revisions"}],"predecessor-version":[{"id":9699,"href":"https:\/\/www.kayragumruk.com\/demo\/wp-json\/wp\/v2\/pages\/9698\/revisions\/9699"}],"wp:attachment":[{"href":"https:\/\/www.kayragumruk.com\/demo\/wp-json\/wp\/v2\/media?parent=9698"}],"curies":[{"name":"wp","href":"https:\/\/api.w.org\/{rel}","templated":true}]}}